r when 940336 is divided by 2732.
528
What is the remainder when 137760 is divided by 2493?
645
What is the remainder when 658142 is divided by 15303?
113
Calculate the remainder when 4750954 is divided by 18.
16
What is the remainder when 72643959 is divided by 2421465?
9
What is the remainder when 1054083 is divided by 3243?
108
What is the remainder when 92046 is divided by 92013?
33
Calculate the remainder when 970827 is divided by 168.
123
What is the remainder when 382595 is divided by 3865?
3825
Calculate the remainder when 1870031 is divided by 9397.
28
What is the remainder when 1192964 is divided by 181?
174
What is the remainder when 15284398 is divided by 50?
48
Calculate the remainder when 91204 is divided by 7564.
436
Calculate the remainder when 57941417 is divided by 19313802.
11
What is the remainder when 3730 is divided by 203?
76
Calculate the remainder when 586797 is divided by 293393.
11
Calculate the remainder when 6482841 is divided by 1884.
1881
What is the remainder when 979419 is divided by 3981?
93
Calculate the remainder when 1095954 is divided by 301.
13
Calculate the remainder when 5773015 is divided by 24671.
1
Calculate the remainder when 113582947 is divided by 9091.
9084
Calculate the remainder when 9833 is divided by 9564.
269
What is the remainder when 230433779 is divided by 15?
14
Calculate the remainder when 9623640 is divided by 2167.
2160
What is the remainder when 32387939 is divided by 17?
15
Calculate the remainder when 66883 is divided by 1713.
76
Calculate the remainder when 46307358 is divided by 2656.
2654
Calculate the remainder when 10580080 is divided by 755719.
14
What is the remainder when 108974 is divided by 225?
74
Calculate the remainder when 99479 is divided by 32149.
3032
What is the remainder when 192470 is divided by 5250?
3470
What is the remainder when 61735 is divided by 14721?
2851
Calculate the remainder when 70136712 is divided by 118.
108
What is the remainder when 191449646 is divided by 3944?
3942
Calculate the remainder when 99789 is divided by 193.
8
What is the remainder when 2957040 is divided by 152?
32
Calculate the remainder when 89096 is divided by 22262.
48
What is the remainder when 101446 is divided by 2818?
2816
Calculate the remainder when 2111720 is divided by 181.
174
Calculate the remainder when 2551139 is divided by 13939.
302
Calculate the remainder when 592500 is divided by 4701.
174
Calculate the remainder when 234319 is divided by 6884.
263
Calculate the remainder when 12726095 is divided by 9.
5
Calculate the remainder when 522339 is divided by 259953.
2433
Calculate the remainder when 10342 is divided by 852.
118
What is the remainder when 11150741 is divided by 195627?
2
Calculate the remainder when 11353166 is divided by 2493.
44
What is the remainder when 68389623 is divided by 1598?
17
What is the remainder when 190616 is divided by 13?
10
What is the remainder when 91366 is divided by 838?
24
Calculate the remainder when 294505 is divided by 294346.
159
Calculate the remainder when 529949 is divided by 5823.
56
Calculate the remainder when 64226 is divided by 63977.
249
What is the remainder when 1728036 is divided by 72001?
12
Calculate the remainder when 28953708 is divided by 69.
66
Calculate the remainder when 333209 is divided by 166595.
19
Calculate the remainder when 173951 is divided by 3051.
44
Calculate the remainder when 41341992 is divided by 302.
4
Calculate the remainder when 7201692 is divided by 2400559.
15
Calculate the remainder when 162119 is divided by 2894.
55
What is the remainder when 7887388 is divided by 29?
26
What is the remainder when 817511 is divided by 408742?
27
What is the remainder when 16568 is divided by 3181?
663
What is the remainder when 1107817 is divided by 12309?
7
What is the remainder when 133797608 is divided by 109?
108
Calculate the remainder when 3305866 is divided by 20.
6
Calculate the remainder when 390743 is divided by 17760.
23
Calculate the remainder when 203858 is divided by 7821.
512
Calculate the remainder when 12390949 is divided by 66978.
19
What is the remainder when 129963 is divided by 64342?
1279
Calculate the remainder when 49620570 is divided by 5513396.
6
Calculate the remainder when 2098478 is divided by 742.
102
Calculate the remainder when 9302983 is divided by 3254.
3051
What is the remainder when 21760189 is divided by 10880082?
25
What is the remainder when 351133 is divided by 3809?
705
Calculate the remainder when 121278239 is divided by 728.
719
What is the remainder when 13059 is divided by 2988?
1107
What is the remainder when 10978077 is divided by 1169?
1167
What is the remainder when 1186155 is divided by 613?
0
Calculate the remainder when 747518 is divided by 1134.
212
What is the remainder when 1447618 is divided by 241255?
88
Calculate the remainder when 3481191 is divided by 1066.
701
What is the remainder when 21700593 is divided by 5425137?
45
What is the remainder when 34110394 is divided by 5082?
10
What is the remainder when 7463493 is divided by 162?
153
What is the remainder when 2049526 is divided by 414?
226
What is the remainder when 363569 is divided by 3833?
3267
Calculate the remainder when 19277 is divided by 1472.
141
Calculate the remainder when 5574609 is divided by 58680.
9
What is the remainder when 31374897 is divided by 83?
67
Calculate the remainder when 7594333 is divided by 45.
43
What is the remainder when 125045 is divided by 855?
215
Calculate the remainder when 841689 is divided by 1697.
1674
What is the remainder when 961788545 is divided by 11450?
11445
What is the remainder when 2264793 is divided by 205890?
3
Calculate the remainder when 33107870 is divided by 2423.
2421
Calculate the remainder when 9095743 is divided by 159.
148
Calculate the remainder when 40782 is divided by 12584.
3030
Calculate the remainder when 46317 is divided by 274.
11
What is the remainder when 846128 is divided by 1067?
1064
What is the remainder when 32720818 is divided by 330?
328
Calculate the remainder when 918628 is divided by 70639.
321
What is the remainder when 481061 is divided by 152?
133
What is the remainder when 442780848 is divided by 8141?
8140
Calculate the remainder when 5439547 is divided by 1444.
1443
Calculate the remainder when 30471938 is divided by 9.
8
What is the remainder when 9264726 is divided by 126914?
4
Calculate the remainder when 16121327 is divided by 1369.
1352
What is the remainder when 333686 is divided by 34?
10
Calculate the remainder when 321268 is divided by 4106.
1000
What is the remainder when 3415229 is divided by 1707612?
5
Calculate the remainder when 725880 is divided by 286.
12
What is the remainder when 38333 is divided by 19083?
167
What is the remainder when 5275307 is divided by 536?
531
What is the remainder when 2309654 is divided by 81?
20
Calculate the remainder when 1315905 is divided by 1315856.
49
Calculate the remainder when 153068 is divided by 16995.
113
What is the remainder when 3626640 is divided by 22?
6
Calculate the remainder when 34083 is divided by 17021.
41
What is the remainder when 152504 is divided by 2178?
44
Calculate the remainder when 233355 is divided by 1422.
147
Calculate the remainder when 344563 is divided by 120.
43
What is the remainder when 21503644 is divided by 60?
4
What is the remainder when 873894 is divided by 10280?
94
Calculate the remainder when 1063949 is divided by 265983.
17
Calculate the remainder when 852503 is divided by 27.
5
What is the remainder when 68621 is divided by 62319?
6302
What is the remainder when 396695 is divided by 132146?
257
What is the remainder when 767919 is divided by 21264?
2415
Calculate the remainder when 314191252 is divided by 9538.
9532
Calculate the remainder when 657546 is divided by 914.
380
What is the remainder when 46214039 is divided by 234589?
6
What is the remainder when 70722 is divided by 34669?
1384
Calculate the remainder when 14669117 is divided by 211.
186
Calculate the remainder when 282004 is divided by 2981.
1790
Calculate the remainder when 467222 is divided by 11977.
119
What is the remainder when 7297252 is divided by 114?
112
What is the remainder when 1008036 is divided by 140?
36
Calculate the rema